{"id":38,"date":"2013-04-12T16:53:28","date_gmt":"2013-04-12T14:53:28","guid":{"rendered":"https:\/\/www.huwf.de\/?page_id=38"},"modified":"2018-01-04T11:00:28","modified_gmt":"2018-01-04T09:00:28","slug":"kontakt","status":"publish","type":"page","link":"https:\/\/heimat-und-wanderfreunde-frammersbach.de\/?page_id=38","title":{"rendered":"Impressum"},"content":{"rendered":"<p>Anschrift:<br \/>\nHeimat- und Wanderfreunde Frammersbach e.V<br \/>\nJ\u00fcrgen Neuwirth<br \/>\nOberer Kreuzbergweg 8<\/p>\n<p>97833 Frammersbach<\/p>\n<p>Telefon: 0151-43588585<br \/>\nE-Mail: mobil@j\u00fcrgen-neuwirth.de<\/p>\n<p>1. Vorstand J\u00fcrgen Neuwirth<br \/>\n2. Vorstand Dieter Anderlohr<br \/>\nVereinsregisternummer VR 301022, Urk.-Rolle 1153G 2007 Amtsgericht Gem\u00fcnden<\/p>\n<p><strong>Haftungshinweis:<\/strong><br \/>\nTrotz sorgf\u00e4ltiger inhaltlicher Kontrolle \u00fcbernehmen wir keine Haftung f\u00fcr die Inhalte externer Links.<br \/>\nF\u00fcr den Inhalt der verlinkten Seiten sind ausschlie\u00dflich deren Betreiber verantwortlich.<\/p>\n<p>Eine Haftung f\u00fcr die Aktualit\u00e4t, die Vollst\u00e4ndigkeit, die Fehlerfreiheit, die Erreichbarkeit oder die Qualit\u00e4t der bereitgestellten Informationen ist ausgeschlossen. Hiermit behalten wir uns vor ohne Vorank\u00fcndigung und ohne Rechtfertigung diese Angebot zu ver\u00e4ndern oder ganz einzustellen.<\/p>\n","protected":false},"excerpt":{"rendered":"<p>Anschrift: Heimat- und Wanderfreunde Frammersbach e.V J\u00fcrgen Neuwirth Oberer Kreuzbergweg 8 97833 Frammersbach Telefon: 0151-43588585 E-Mail: mobil@j\u00fcrgen-neuwirth.de 1. Vorstand J\u00fcrgen Neuwirth 2. Vorstand Dieter Anderlohr Vereinsregisternummer VR 301022, Urk.-Rolle 1153G 2007 Amtsgericht Gem\u00fcnden Haftungshinweis: Trotz sorgf\u00e4ltiger inhaltlicher Kontrolle \u00fcbernehmen wir &hellip; <a href=\"https:\/\/heimat-und-wanderfreunde-frammersbach.de\/?page_id=38\">Weiterlesen <span class=\"meta-nav\">&rarr;<\/span><\/a><\/p>\n","protected":false},"author":1,"featured_media":0,"parent":0,"menu_order":0,"comment_status":"closed","ping_status":"closed","template":"","meta":[],"_links":{"self":[{"href":"https:\/\/heimat-und-wanderfreunde-frammersbach.de\/index.php?rest_route=\/wp\/v2\/pages\/38"}],"collection":[{"href":"https:\/\/heimat-und-wanderfreunde-frammersbach.de\/index.php?rest_route=\/wp\/v2\/pages"}],"about":[{"href":"https:\/\/heimat-und-wanderfreunde-frammersbach.de\/index.php?rest_route=\/wp\/v2\/types\/page"}],"author":[{"embeddable":true,"href":"https:\/\/heimat-und-wanderfreunde-frammersbach.de\/index.php?rest_route=\/wp\/v2\/users\/1"}],"replies":[{"embeddable":true,"href":"https:\/\/heimat-und-wanderfreunde-frammersbach.de\/index.php?rest_route=%2Fwp%2Fv2%2Fcomments&post=38"}],"version-history":[{"count":7,"href":"https:\/\/heimat-und-wanderfreunde-frammersbach.de\/index.php?rest_route=\/wp\/v2\/pages\/38\/revisions"}],"predecessor-version":[{"id":55,"href":"https:\/\/heimat-und-wanderfreunde-frammersbach.de\/index.php?rest_route=\/wp\/v2\/pages\/38\/revisions\/55"}],"wp:attachment":[{"href":"https:\/\/heimat-und-wanderfreunde-frammersbach.de\/index.php?rest_route=%2Fwp%2Fv2%2Fmedia&parent=38"}],"curies":[{"name":"wp","href":"https:\/\/api.w.org\/{rel}","templated":true}]}}